). Let a = 52 - b. Suppose -3*l - 6*l + 24471 = a. Is l a composite number?
False
Let f(z) = -70*z - 16. Let m be f(-31). Suppose -5*q + 20 = -5*x, 2*q - q - 9 = -4*x. Is x - 5/((-15)/m) composite?
False
Let j = 254901 - 156622. Let q = j - 57856. Is q a composite number?
False
Suppose -4 - 31 = -5*j. Let c(a) = -15*a - 29 + 30*a**2 + 18*a - j*a. Is c(10) a prime number?
False
Let q be 0 - 12/((16/(-22))/(-4)). Let m = 68 + q. Suppose -m*r - 324 = 2*z - 1206, 2*z + r - 887 = 0. Is z a prime number?
False
Suppose -3*m = 2*m - 25280. Let v be 1/(18/12)*45/6. Suppose 2*a = v*g + 2538, g = 4*a - 4*g - m. Is a a composite number?
False
Suppose 11*x - 858523 - 397054 = -8*x. Is x a prime number?
True
Suppose 138*i - 27533259 - 6555642 = -93*i. Is i prime?
True
Let y(x) = -2*x - 16. Let l be y(-9). Is l/((-6)/14412*-4) a prime number?
True
Suppose 3*i = 4*k - 394777, 0 = -0*k + k - i - 98694. Is k prime?
False
Suppose 36*a + 896 = 29*a. Is 10961/4 - 96/a a composite number?
False
Let q(a) = -14 - 16*a - 31 + 33 - 17. Suppose -30 + 0 = 3*r. Is q(r) a composite number?
False
Let c be -8*(-4 - 21/(-6)) - 4. Suppose c = -8*h + 178 + 14. Let d = h - -137. Is d prime?
False
Let z(q) = -2*q**3 - 14*q**2 + 7*q + 6. Let j(t) = -7*t + 43. Let n be j(8). Is z(n) prime?
False
Let s(t) = 1129*t**2 + 126*t + 961. Is s(-8) composite?
True
Let x = -129 - -26. Let j = x + 260. Is j prime?
True
Suppose t + 2*c = 16115, 101*t - 32242 = 99*t - 2*c. Is t a composite number?
False
Let o(t) = -2*t - 9. Let q be o(-6). Suppose -4*m + 85 = -g, q*m - 65 = 2*g - 0*g. Suppose m*k - 1443 = 18*k. Is k composite?
True
Let g(y) = -460*y + 48. Let r be g(-6). Suppose 0 = -7*l + 9*l - 5*s - r, 5*l - 6991 = -2*s. Is l prime?
True
Suppose 4*z - 2344 = 2*z. Let w be -6*1*z/8. Is 14/(-7)*w/2 composite?
True
Let l = 25035 + 327508. Is l composite?
False
Let c = -6783 + 63724. Is c composite?
False
Let i(c) = 55*c**2 + 9*c - 21. Let k(r) = 3*r**2 - 3*r - 3. Let b be k(-3). Let a = b - 28. Is i(a) prime?
True
Is (2/4)/(-39 - -39 - 1/(-73982)) composite?
True
Suppose -148*o + 349686 = -1254782. Is o a composite number?
True
Let g(c) = 1203*c - 70. Suppose -6*l = 11*l - 187. Is g(l) a prime number?
True
Let a(p) = -40*p - 17. Let o(k) = -3*k + 29. Let x(s) = -2*s + 29. Let d(l) = -5*o(l) + 6*x(l). Let t be d(-12). Is a(t) a prime number?
True
Let i be -8 + 3 + (-1035 - 0). Let l = i - -7479. Is l a prime number?
False
Let q = 2317020 + -1649041. Is q a composite number?
True
Let k(j) = -801*j**3 - 2*j**2 + 3*j - 22. Let h be k(-5). Suppose -h = -349*m + 343*m. Is m prime?
True
Let x = 937451 + -384870. Is x prime?
True
Let y = 40146 - 28651. Suppose 18*g = 7*g + y. Suppose 2*w = -c + g, -2*c + w + 3149 = c. Is c a prime number?
True
Let k = -44148 - -84211. Is k a composite number?
False
Let w be 336/(-63)*(-30)/4. Let c = w + -35. Is -71*(-13 - (c - 1)) a prime number?
False
Suppose 36*r - 9*r - 1583739 = 0. Is r composite?
False
Suppose 0 = 7*x + 4*x + 341. Let y(b) = -115*b - 76. Is y(x) a composite number?
True
Suppose 46*a - 38*a = 2196632. Is a composite?
False
Suppose 2*d - 76097 = -x, 5*x + 24*d - 380459 = 27*d. Is x a prime number?
False
Suppose 2*x - 778515 = -5*n - 231548, -3*n + 5*x = -328174. Is n a composite number?
True
Suppose 2003 = -27*h + 9239. Let k = h + 22809. Is k a prime number?
False
Let k(v) = -26*v**2 - 2*v + 16. Let u be k(7). Let s = u + 6418. Let o = s - 2027. Is o composite?
False
Let k(s) = -s**3 - s - 5. Let r be k(-2). Suppose -2*u - r*m + 22253 = 2*u, 3*m - 5572 = -u. Is u composite?
False
Suppose -3*i + 35067 = 2*q, -4*i = -i + q - 35064. Suppose -2911 = -2*g + i. Suppose g = 8*j + 1275. Is j composite?
True
Let c = -147323 - -255945. Is c a composite number?
True
Let m(h) = -170*h**3 - 21*h**2 + 28*h + 87. Let n(t) = -338*t**3 - 40*t**2 + 55*t + 173. Let d(g) = -11*m(g) + 6*n(g). Is d(-4) prime?
False
Let m be 474/4*(0 - (8 - -2)). Let x = m + 608. Let l = 406 - x. Is l a composite number?
False
Let b(g) = -7*g + 42. Let n be b(7). Suppose -3*c = -6*c + 147. Is 6 + (-280)/c + (-999)/n prime?
False
Suppose u - 14*r - 2950 = -19*r, -2962 = -u + r. Suppose -2*n + 1701 = o, -5*n = -5*o - 1330 - u. Is n a composite number?
False
Let d = 61 + -67. Let s = -8 + 10. Is (s + 1010/d)*-3 composite?
False
Let p(l) = -l**2 - 10*l + 14. Let y be p(-9). Suppose -j + 5*f - 22 = 0, -5*f + y = -2. Suppose 5*m - 2690 = j*c, 4*m = 2*m - c + 1087. Is m a prime number?
True
Let j(y) = 33*y**3 + 8*y**2 + y - 3. Let k be j(5). Let n = k - 2118. Is n composite?
True
Let n(w) = 926*w**3 + 2*w**2 + 3*w - 3. Let k be n(1). Suppose 2*d - 5*o - 5825 = k, -13581 = -4*d - 5*o. Is d composite?
False
Suppose -10*u - 48 = -4*u. Let z(p) = -73*p - 1. Is z(u) composite?
True
Let n(w) = -20*w**3 - 12. Let u be n(9). Let k be u/(-10) + 6/(-30). Let x = k - 696. Is x a composite number?
True
Let u(q) = -109 - 14*q - 15*q - 22*q. Is u(-20) composite?
False
Let r = 2621 - 996. Suppose i - r = -119. Suppose -2*u = u - i. Is u a prime number?
False
Let g(y) = -4*y - 2. Let j be 14/4 - (-12)/(-8). Let d be g(j). Is (0 - d)/((-22)/(-781)) composite?
True
Suppose -6*z + 210 = -z. Let p(y) = 3*y**2 - 11 - 37*y - z*y + 84*y. Is p(-16) prime?
True
Suppose -6735316 + 77283881 + 6506504 = 91*i. Is i a composite number?
True
Suppose 0 = -l + 3*z + 46532, -4*z + 2*z - 139617 = -3*l. Suppose 0 = -2*y + 2*q + 15436, -5*y = 5*q - l + 7991. Is (-7)/(-35) - (y/5)/(-1) a prime number?
True
Let u = 8045 + 7763. Let x = u + -7847. Is x prime?
False
Let b = 325 - 310. Let q(o) = 573*o - 32. Is q(b) composite?
False
Let f(t) = 2445*t**3 - 6*t**2 - 14*t + 52. Is f(3) a prime number?
False
Let t = -6 - -10. Suppose -12935 - 417 = -4*m. Suppose -t*c = -f - f - 2674, m = 5*c - f. Is c prime?
False
Suppose -j - 116 = -3452. Suppose -t + 0*t + j = 4*l, -2*t + 4*l = -6732. Is 2/(-4) - t/(-8) prime?
True
Let s(g) = 3272*g**2 - 142*g - 767. Is s(-5) prime?
False
Let w = -52 - -55. Suppose -5*o - w = -8. Is (873/(-12) + o)/(5/(-20)) composite?
True
Let k be (-114)/(-5) - 2/(-10)*1. Suppose 2*o + 11 = 3*o - 4*b, 4*b = 5*o - k. Is (5/(-2))/(0 - o/1266) prime?
False
Let v be ((-258)/172)/((-11)/(-12) + -1). Suppose 0 = 5*u + 5*r - 20500, v*r - 17*r = -2*u + 8203. Is u a prime number?
False
Let f(r) = 670*r**2 - 22*r + 5. Is f(-6) composite?
True
Let w(x) be the first derivative of -143*x**2 + 11*x + 31. Is w(-3) a composite number?
True
Suppose 3*t - 4 + 121 = 0. Let h = t + 66. Suppose -h = -5*j + 3128. Is j a prime number?
True
Let n = 240629 + -132040. Is n a prime number?
False
Suppose 1008 = 9*k - 0*k. Let v = k - 5483. Let y = v - -9218. Is y a prime number?
True
Let j(o) = 4*o**2 - 12*o - 1. Let y be j(1). Is (-4)/y - 1614349/(-99) composite?
True
Let f(z) = z**2 - 5*z - 4. Let t be f(5). Let h be -10*((-1 - 98) + 8/t). Let j = h + -505. Is j a composite number?
True
Suppose -5*m + 5*r + 301235 = 0, -m + 60271 = 7*r - 2*r. Is m prime?
True
Is ((-4)/(-8))/((-7)/(-2761766)) a composite number?
False
Suppose -w + 5*t = 152, -4*w = -9*w + 5*t - 680. Is (((-23559)/4)/(-3))/((-33)/w) a composite number?
False
Suppose 2*w = -p + 4, -p + 8 = 2*w + p. Suppose 14*f + 3*f - 323 = w. Is f a composite number?
False
Is (2/(-3))/((268/469823430)/(2/(-10))) a prime number?
True
Let w(n) = 168 - 445*n - 326 + 219. Is w(-4) prime?
False
Suppose 172811 = 6*t - 681871. Is t a prime number?
False
Let u = 129439 - -37300. Is u composite?
False
Suppose 15*q - 100 = 10*q - 5*c, -24 = -q - 2*c. Suppose q*m - 4390 = 5706. Is m a prime number?
True
Let o be 2720472/80 + (-1)/(-10). Suppose 5 = z, o + 6974 = 5*r - z. Is r a composite number?
True
Let j(r) = r**2 - 12*r - 69. Let w be j(15). Is 8598/14 - w/(-21) prime?
True
Let w be (8 + -3)/(1/1). Suppose -3*z = -5*m - 1218 + 1, w*z = -3*m + 1983. Suppose 5*d - z = -124. Is d a composite number?
True
Let j = 55958 + -27049. Is j a composite number?
False
Is (-154)/(-20) + 237/790 - 1*-75723 a composite number?
False
Let j = -180 + 185. Suppose -2*m + j*i = -8241, 4*m - i - 12394 = m. Is m a composite number?
False
Let g = -36075 - -84857. Is g composite?
True
Suppose i = 5*c + 2*i + 27206, 3*c - 2*i + 16321 = 0. Let t = -3280 - c. Is t a prime number?
True
Let d(p) = 182*p**3 - 35*p**2 + 130*p + 5